b be c(4). Let m = -13 + b. Let u = 2 - m. What are the prime factors of u?
2, 5
Suppose 5 = h - 16. Let i = h - 8. What are the prime factors of i?
13
Let i be -2*(4 - 2)/(-1). Let j be i/18 + 295/9. Suppose -2*t - 1 = -5*q - 17, j = 3*t - 3*q. What are the prime factors of t?
13
Let s = -19 - -31. What are the prime factors of s?
2, 3
What are the prime factors of (4 + -1 + -73)/(-2)?
5, 7
Let s = -20 - -11. Let w be (-1)/3 + (-111)/s. Let f = -4 + w. List the prime factors of f.
2
Suppose 2*p = -0*p. Let q = 31 - p. List the prime factors of q.
31
Let p be 2/(1 + -3)*-3. Suppose 0 = -5*z - p*y + 57, 5 = -3*z - y + 36. What are the prime factors of z?
3
Let x = 12 + 60. What are the prime factors of x?
2, 3
Let f = -132 - -185. Suppose -y = -6*y - 25, -5*y - f = -4*z. What are the prime factors of z?
7
Suppose 4*v - 166 - 46 = 0. Let l = -23 + v. What are the prime factors of l?
2, 3, 5
Let q = 6 + -19. Let r = 32 + q. List the prime factors of r.
19
Suppose 0 = f - 14. Suppose f = 4*d + 2. List the prime factors of d.
3
Let w be (-3)/(-9) + 4/6. Suppose -k + 4 = w. Suppose 28 = k*u + u. List the prime factors of u.
7
Suppose -2*b + 3*t = -585, -4*t + 3*t + 1420 = 5*b. What are the prime factors of b?
3, 5, 19
What are the prime factors of 12 - (-2 + 2)/(-1)?
2, 3
Let z(s) be the second derivative of s**4/12 - s**3/3 - 3*s**2/2 + 2*s. Suppose 22 = 5*i - 5*w + 4*w, -4*w - 13 = -5*i. List the prime factors of z(i).
2, 3
Suppose o + 347 = 4*p + 1, 2*p - 168 = 3*o. List the prime factors of p.
3, 29
Suppose 23 = -o - 5*n - 0, -2*n = -2*o + 14. What are the prime factors of o?
2
Let y(i) be the second derivative of 7*i**3/6 - 5*i**2/2 + 4*i. List the prime factors of y(5).
2, 3, 5
Let c = 58 - 76. Suppose -66 + 12 = 2*q. Let l = c - q. List the prime factors of l.
3
Suppose 0 = -4*j - j - 45. What are the prime factors of (-153)/(-4) - j/12?
3, 13
Suppose -51 = 5*j + 3*u, -j - 2*u + 3*u = 7. Let i(s) = s**3 + 9*s**2 - 3*s - 12. List the prime factors of i(j).
3, 5
Let g be (-1 - 3/(-2))*0. Suppose g = 6*u - u - 125. Suppose -4*p + u = -19. What are the prime factors of p?
11
Suppose 3*o - d + 4*d = 18, 2*d - 7 = -o. Suppose 10 = o*c - 5. Let l = c - -4. List the prime factors of l.
7
Suppose 0 = -2*q - 2*q + 40. Let f = q - 3. Suppose 0*o - f = -o. List the prime factors of o.
7
Suppose -31*m + 35*m - 124 = 0. List the prime factors of m.
31
Suppose -2 = -2*y + 2. Suppose 33 = 5*a + y*j, 12 - 3 = a + j. Suppose 0 = -5*f + a, -4*f + 7*f + 7 = 2*d. What are the prime factors of d?
5
Let n = 1 - 9. Let c(w) = w**2 + 4*w - 1. List the prime factors of c(n).
31
Let g(c) = -7*c**2 - 3*c + 3. Let q be g(-3). Let z = -36 - q. Suppose 5*s = 2*s + z. What are the prime factors of s?
5
Let i(l) = l**3 + 8*l**2 - 9*l - 7. Suppose -3*z + 8*z = 3*o + 17, -47 = 5*o + z. Let t be i(o). Let p = 2 - t. List the prime factors of p.
3
Let g(q) = -q - 3. Let u be g(-3). Suppose 15 = -5*k, u*r - 2*r = -k - 15. List the prime factors of r.
2, 3
Let l = 53 + -27. List the prime factors of l.
2, 13
Let o(i) = -i**2 + 15*i + 30. List the prime factors of o(8).
2, 43
List the prime factors of 44 - -2 - ((-2)/(-1) + 1).
43
Let p(g) = -g - 4. Let u be p(-8). Let m be u/14 + 24/14. Suppose -m*v + 2*b + 3*b + 42 = 0, -5*v = 3*b - 43. What are the prime factors of v?
11
Let i(b) = -b**2 - 16*b - 5. List the prime factors of i(-11).
2, 5
Let w(f) be the third derivative of f**5/30 + f**4/24 - f**3/6 - f**2. Let g(y) = -2*y - 19. Let q be g(-10). List the prime factors of w(q).
2
Suppose s + s + 4*p = 206, 0 = 4*s - p - 412. What are the prime factors of s?
103
Let h be (-1 + 10/(-5))*-1. Suppose 0 = -r - 0 + 2. Suppose h*c = r*c + 2. List the prime factors of c.
2
Suppose 0*o + 12 = 4*o. Suppose o*b - 48 = -b. What are the prime factors of b?
2, 3
Let l(q) = -q**2 - 10*q + 9. What are the prime factors of l(-9)?
2, 3
Let o = 9 - 9. Let x = 8 + o. Suppose y = 2*y - x. List the prime factors of y.
2
Let c be 2 + 0 + -11 + 0. Let v(j) = -j - 11. Let r be v(c). List the prime factors of -8*2/(-4) - r.
2, 3
List the prime factors of (3/2)/((-3)/(-12)).
2, 3
Let g = -66 - -145. List the prime factors of g.
79
List the prime factors of 4 - (4/2)/(-2).
5
Let k = 5 + 0. Suppose 39 + 21 = k*f. What are the prime factors of f?
2, 3
Let r(t) = t**3 + 2*t**2 + t. Let i be r(-1). Let w = 7 + i. List the prime factors of w.
7
Let v(a) = a**2 - 5*a - 5. List the prime factors of v(13).
3, 11
Suppose -u + 22 = -39. List the prime factors of u.
61
Suppose -k + 430 = 4*s, k - 212 = -2*s - k. What are the prime factors of s?
2, 3
Let a = 18 + -13. Let q = 8 - a. Suppose -q*v + 68 = v. What are the prime factors of v?
17
What are the prime factors of (-4)/(-14) + (-3514)/(-49)?
2, 3
Let v(c) = -26*c - 1. Let u = -8 + 7. Let j be v(u). Let g = j + -13. List the prime factors of g.
2, 3
Suppose 0 = 4*y + 4 - 0, -5*p + 203 = -3*y. Suppose 0 = -2*b + 5*b - 5*t - 47, -2*b - t + p = 0. List the prime factors of b.
19
Suppose -9 = -2*h + 51. List the prime factors of h.
2, 3, 5
Suppose 0 = -o + 157 - 0. List the prime factors of o.
157
Let c = 76 + 102. List the prime factors of c.
2, 89
Let o(x) = -x - 4. Let j be o(-4). Suppose n - 3*k + 5 = 0, j = -2*n - 2*n + 2*k + 30. Suppose 0 = -3*v - 0*b + 5*b - n, v - b = 0. List the prime factors of v.
5
List the prime factors of -3 + (2 + 4)*(-935)/(-15).
7, 53
What are the prime factors of 19 - (1 - 2)*1?
2, 5
What are the prime factors of ((-62)/6)/((-5)/75)?
5, 31
Let z = 1 - -1. Suppose -14 = -n - z. List the prime factors of n.
2, 3
Let j = -17 + -18. Let c = -12 - j. List the prime factors of c.
23
Let w(q) be the third derivative of q**6/120 - q**5/12 + q**4/24 - q**3/6 + 10*q**2. Let b = -7 + 12. List the prime factors of w(b).
2
Let i(f) = -3*f - 2. Let r be i(8). Let z = -18 - r. What are the prime factors of (z/(-14))/((-4)/14)?
2
Let y be (-19)/(-5) - (-3)/15. Suppose -2*z + 12 = y*w - 5*z, 4 = -z. Suppose w + 6 = b. What are the prime factors of b?
2, 3
Let d = -8 - -16. Let k = d + -4. Suppose -k*l + 30 = 4*q - l, -3*q + 2*l + 14 = 0. List the prime factors of q.
2, 3
Let n = 18 - 14. Suppose 0*y - 88 = -4*y - 4*b, -3*y = n*b - 61. What are the prime factors of y?
3
Let k be (-2 + 9/6)*8. Let c(p) = -p - 2. Let u be c(k). List the prime factors of 3/u*20/6.
5
Let t(p) = -2*p - 4. Let g be t(-6). Suppose 2*l + 2 + g = 0. List the prime factors of 64/10 + 2/l.
2, 3
Let k(v) = -v - 8. What are the prime factors of k(-12)?
2
Let m = 4 - -4. Let w = m + -5. Suppose -w*k + 56 = k. What are the prime factors of k?
2, 7
List the prime factors of (1/1)/(3/24).
2
Let o(g) = g**2 + 3*g + 1. What are the prime factors of o(5)?
41
Let a(l) = -l**2 - 10*l. What are the prime factors of a(-6)?
2, 3
Let l(f) = 8*f - 2. Let z be 3*1 + -3 + 6. Let k be l(z). Suppose 0 = 5*v + 3*q - k - 0, -2*v + q = -14. What are the prime factors of v?
2
Let d be (-6)/(-3) - 6*-1. Let l = d + -4. What are the prime factors of l?
2
Let z(y) = -21*y - 6. List the prime factors of z(-6).
2, 3, 5
Let z = 41 + -9. What are the prime factors of z?
2
Suppose 3*i + 154 = -5*m, -4*m + i - 3*i - 124 = 0. Let o = -18 - m. What are the prime factors of o?
2, 7
Let f(c) = c**2 - 14*c + 13. Let i be f(9). Let h = i + 54. What are the prime factors of h?
2, 11
Let z(v) = v**2 + 8*v + 3. Let b be z(-8). Suppose -54 = -3*j + b. List the prime factors of j.
19
Let c(i) = -2*i**3 + 11*i**2 + 8*i - 5. What are the prime factors of c(5)?
2, 3, 5
Suppose -64*j = -66*j + 278. What are the prime factors of j?
139
Suppose 5*y = -3*n + 122, -4*n = y - 4*y - 124. Suppose 4*x = 30 + n. What are the prime factors of x?
2
Suppose 3*j + 0*d = -3*d + 63, 5*j + 4*d = 110. What are the prime factors of j?
2, 13
Let g = -18 - -19. Let y = g + 40. What are the prime factors of y?
41
Let k(y) = -y**2 - 3*y + 4. Let g be k(-5). Let b be g/(-4)*24/18. Suppose -2*a = 3*l - 2*l - 10, 3*a = -b*l + 24. What are the prime factors of l?
2, 3
Suppose -2*c = -4*d - 217 - 167, -5*d = c - 164. What are the prime factors of c?
2, 23
Let i = 21 - 13. List the prime factors of i.
2
Let w = 48 + -17. Suppose w = h + 12. List the prime factors of h.
19
Let t be 2 + -1 + (-2)/(-1). Suppose -9 = t*h - 0. Let q = h + 6. List the pri